{"id":1929,"date":"2024-11-13T16:30:30","date_gmt":"2024-11-13T16:30:30","guid":{"rendered":"https:\/\/platinuminsurancea.com\/?page_id=1929"},"modified":"2024-11-13T16:53:17","modified_gmt":"2024-11-13T16:53:17","slug":"community-health-choice","status":"publish","type":"page","link":"https:\/\/platinuminsurancea.com\/dev\/community-health-choice\/","title":{"rendered":"Community Health Choice"},"content":{"rendered":"\t\t<div data-elementor-type=\"wp-page\" data-elementor-id=\"1929\" class=\"elementor elementor-1929\" data-elementor-post-type=\"page\">\n\t\t\t\t<div class=\"elementor-element elementor-element-b2227a4 e-flex e-con-boxed e-con e-parent\" data-id=\"b2227a4\" data-element_type=\"container\" data-e-type=\"container\">\n\t\t\t\t\t<div class=\"e-con-inner\">\n\t\t\t\t<div class=\"elementor-element elementor-element-4667da5 elementor-widget elementor-widget-heading\" data-id=\"4667da5\" data-element_type=\"widget\" data-e-type=\"widget\" data-widget_type=\"heading.default\">\n\t\t\t\t<div class=\"elementor-widget-container\">\n\t\t\t\t\t<h2 class=\"elementor-heading-title elementor-size-default\">Red de Cobertura<\/h2>\t\t\t\t<\/div>\n\t\t\t\t<\/div>\n\t\t\t\t\t<\/div>\n\t\t\t\t<\/div>\n\t\t<div class=\"elementor-element elementor-element-71e2043 e-flex e-con-boxed e-con e-parent\" data-id=\"71e2043\" data-element_type=\"container\" data-e-type=\"container\">\n\t\t\t\t\t<div class=\"e-con-inner\">\n\t\t<div class=\"elementor-element elementor-element-6598fc7 e-con-full e-flex e-con e-child\" data-id=\"6598fc7\" data-element_type=\"container\" data-e-type=\"container\">\n\t\t\t\t<div class=\"elementor-element elementor-element-618708e elementor-widget elementor-widget-text-editor\" data-id=\"618708e\" data-element_type=\"widget\" data-e-type=\"widget\" data-widget_type=\"text-editor.default\">\n\t\t\t\t<div class=\"elementor-widget-container\">\n\t\t\t\t\t\t\t\t\t<p><img fetchpriority=\"high\" decoding=\"async\" class=\"wp-image-99 size-medium alignleft\" src=\"https:\/\/platinuminsurancea.com\/dev\/wp-content\/uploads\/2024\/09\/LOGOS-10-300x300.webp\" alt=\"Comunity health choice\" width=\"300\" height=\"300\" srcset=\"https:\/\/platinuminsurancea.com\/dev\/wp-content\/uploads\/2024\/09\/LOGOS-10-300x300.webp 300w, https:\/\/platinuminsurancea.com\/dev\/wp-content\/uploads\/2024\/09\/LOGOS-10-1024x1024.webp 1024w, https:\/\/platinuminsurancea.com\/dev\/wp-content\/uploads\/2024\/09\/LOGOS-10-150x150.webp 150w, https:\/\/platinuminsurancea.com\/dev\/wp-content\/uploads\/2024\/09\/LOGOS-10-768x768.webp 768w, https:\/\/platinuminsurancea.com\/dev\/wp-content\/uploads\/2024\/09\/LOGOS-10.webp 1042w\" sizes=\"(max-width: 300px) 100vw, 300px\" \/><\/p><p>Community Health Choice es una organizaci\u00f3n sin fines de lucro dedicada a brindar servicios de seguros de salud accesibles y de alta calidad a individuos, familias y comunidades en el estado de Texas. Con un enfoque en la salud integral y el bienestar de las personas, Community Health Choice ofrece planes de salud tanto para miembros de Medicaid como para aquellos que califican para el Mercado de Seguros de Salud, buscando siempre la mejor cobertura para cada necesidad.<\/p><p>La empresa se destaca por ofrecer una atenci\u00f3n personalizada y accesible, con una red amplia de m\u00e9dicos, hospitales y proveedores de salud. Su compromiso con la salud preventiva y la promoci\u00f3n de un estilo de vida saludable es fundamental para mejorar la calidad de vida de sus miembros, especialmente en comunidades de bajos recursos.<\/p>\t\t\t\t\t\t\t\t<\/div>\n\t\t\t\t<\/div>\n\t\t\t\t<\/div>\n\t\t<div class=\"elementor-element elementor-element-97705d2 e-con-full e-flex e-con e-child\" data-id=\"97705d2\" data-element_type=\"container\" data-e-type=\"container\">\n\t\t\t\t<div class=\"elementor-element elementor-element-9438d0c elementor-widget elementor-widget-shortcode\" data-id=\"9438d0c\" data-element_type=\"widget\" data-e-type=\"widget\" data-widget_type=\"shortcode.default\">\n\t\t\t\t<div class=\"elementor-widget-container\">\n\t\t\t\t\t\t\t<div class=\"elementor-shortcode\"><div class=\"_df_book df-lite\" id=\"df_1932\"  _slug=\"community-health-choice\" data-title=\"community-health-choice\" wpoptions=\"true\" thumbtype=\"\" ><\/div><script class=\"df-shortcode-script\" nowprocket type=\"application\/javascript\">window.option_df_1932 = {\"outline\":[],\"autoEnableOutline\":\"false\",\"autoEnableThumbnail\":\"false\",\"overwritePDFOutline\":\"false\",\"direction\":\"1\",\"pageSize\":\"0\",\"source\":\"https:\\\/\\\/platinuminsurancea.com\\\/dev\\\/wp-content\\\/uploads\\\/2024\\\/11\\\/Community-Platinum-.pdf\",\"wpOptions\":\"true\"}; if(window.DFLIP && window.DFLIP.parseBooks){window.DFLIP.parseBooks();}<\/script><\/div>\n\t\t\t\t\t\t<\/div>\n\t\t\t\t<\/div>\n\t\t\t\t<\/div>\n\t\t\t\t\t<\/div>\n\t\t\t\t<\/div>\n\t\t\t\t<\/div>\n\t\t","protected":false},"excerpt":{"rendered":"<p>Red de Cobertura Community Health Choice es una organizaci\u00f3n sin fines de lucro dedicada a brindar servicios de seguros de salud accesibles y de alta calidad a individuos, familias y comunidades en el estado de Texas. Con un enfoque en la salud integral y el bienestar de las personas, Community Health Choice ofrece planes de [&hellip;]<\/p>\n","protected":false},"author":1,"featured_media":0,"parent":0,"menu_order":0,"comment_status":"closed","ping_status":"closed","template":"elementor_header_footer","meta":{"footnotes":""},"class_list":["post-1929","page","type-page","status-publish","hentry"],"yoast_head":"<!-- This site is optimized with the Yoast SEO plugin v27.1.1 - https:\/\/yoast.com\/product\/yoast-seo-wordpress\/ -->\n<title>Community Health Choice - Platinum Insurance Agency<\/title>\n<meta name=\"robots\" content=\"noindex, follow, max-snippet:-1, max-image-preview:large, max-video-preview:-1\" \/>\n<meta property=\"og:locale\" content=\"en_US\" \/>\n<meta property=\"og:type\" content=\"article\" \/>\n<meta property=\"og:title\" content=\"Community Health Choice - Platinum Insurance Agency\" \/>\n<meta property=\"og:description\" content=\"Red de Cobertura Community Health Choice es una organizaci\u00f3n sin fines de lucro dedicada a brindar servicios de seguros de salud accesibles y de alta calidad a individuos, familias y comunidades en el estado de Texas. Con un enfoque en la salud integral y el bienestar de las personas, Community Health Choice ofrece planes de [&hellip;]\" \/>\n<meta property=\"og:url\" content=\"https:\/\/platinuminsurancea.com\/dev\/community-health-choice\/\" \/>\n<meta property=\"og:site_name\" content=\"Platinum Insurance Agency\" \/>\n<meta property=\"article:modified_time\" content=\"2024-11-13T16:53:17+00:00\" \/>\n<meta property=\"og:image\" content=\"https:\/\/platinuminsurancea.com\/dev\/wp-content\/uploads\/2024\/09\/LOGOS-10.webp\" \/>\n\t<meta property=\"og:image:width\" content=\"1042\" \/>\n\t<meta property=\"og:image:height\" content=\"1042\" \/>\n\t<meta property=\"og:image:type\" content=\"image\/webp\" \/>\n<meta name=\"twitter:card\" content=\"summary_large_image\" \/>\n<meta name=\"twitter:label1\" content=\"Est. reading time\" \/>\n\t<meta name=\"twitter:data1\" content=\"1 minute\" \/>\n<script type=\"application\/ld+json\" class=\"yoast-schema-graph\">{\"@context\":\"https:\/\/schema.org\",\"@graph\":[{\"@type\":\"WebPage\",\"@id\":\"https:\/\/platinuminsurancea.com\/dev\/community-health-choice\/\",\"url\":\"https:\/\/platinuminsurancea.com\/dev\/community-health-choice\/\",\"name\":\"Community Health Choice - Platinum Insurance Agency\",\"isPartOf\":{\"@id\":\"https:\/\/platinuminsurancea.com\/dev\/#website\"},\"primaryImageOfPage\":{\"@id\":\"https:\/\/platinuminsurancea.com\/dev\/community-health-choice\/#primaryimage\"},\"image\":{\"@id\":\"https:\/\/platinuminsurancea.com\/dev\/community-health-choice\/#primaryimage\"},\"thumbnailUrl\":\"https:\/\/platinuminsurancea.com\/dev\/wp-content\/uploads\/2024\/09\/LOGOS-10-300x300.webp\",\"datePublished\":\"2024-11-13T16:30:30+00:00\",\"dateModified\":\"2024-11-13T16:53:17+00:00\",\"breadcrumb\":{\"@id\":\"https:\/\/platinuminsurancea.com\/dev\/community-health-choice\/#breadcrumb\"},\"inLanguage\":\"en-US\",\"potentialAction\":[{\"@type\":\"ReadAction\",\"target\":[\"https:\/\/platinuminsurancea.com\/dev\/community-health-choice\/\"]}]},{\"@type\":\"ImageObject\",\"inLanguage\":\"en-US\",\"@id\":\"https:\/\/platinuminsurancea.com\/dev\/community-health-choice\/#primaryimage\",\"url\":\"https:\/\/platinuminsurancea.com\/dev\/wp-content\/uploads\/2024\/09\/LOGOS-10.webp\",\"contentUrl\":\"https:\/\/platinuminsurancea.com\/dev\/wp-content\/uploads\/2024\/09\/LOGOS-10.webp\",\"width\":1042,\"height\":1042,\"caption\":\"Comunity health choice\"},{\"@type\":\"BreadcrumbList\",\"@id\":\"https:\/\/platinuminsurancea.com\/dev\/community-health-choice\/#breadcrumb\",\"itemListElement\":[{\"@type\":\"ListItem\",\"position\":1,\"name\":\"Home\",\"item\":\"https:\/\/platinuminsurancea.com\/dev\/\"},{\"@type\":\"ListItem\",\"position\":2,\"name\":\"Community Health Choice\"}]},{\"@type\":\"WebSite\",\"@id\":\"https:\/\/platinuminsurancea.com\/dev\/#website\",\"url\":\"https:\/\/platinuminsurancea.com\/dev\/\",\"name\":\"Platinum Insurance Agency\",\"description\":\"\",\"publisher\":{\"@id\":\"https:\/\/platinuminsurancea.com\/dev\/#organization\"},\"potentialAction\":[{\"@type\":\"SearchAction\",\"target\":{\"@type\":\"EntryPoint\",\"urlTemplate\":\"https:\/\/platinuminsurancea.com\/dev\/?s={search_term_string}\"},\"query-input\":{\"@type\":\"PropertyValueSpecification\",\"valueRequired\":true,\"valueName\":\"search_term_string\"}}],\"inLanguage\":\"en-US\"},{\"@type\":\"Organization\",\"@id\":\"https:\/\/platinuminsurancea.com\/dev\/#organization\",\"name\":\"Platinum Insurance Agency\",\"url\":\"https:\/\/platinuminsurancea.com\/dev\/\",\"logo\":{\"@type\":\"ImageObject\",\"inLanguage\":\"en-US\",\"@id\":\"https:\/\/platinuminsurancea.com\/dev\/#\/schema\/logo\/image\/\",\"url\":\"https:\/\/platinuminsurancea.com\/dev\/wp-content\/uploads\/2024\/09\/ISOTIPO-0569-1024x967.png.webp\",\"contentUrl\":\"https:\/\/platinuminsurancea.com\/dev\/wp-content\/uploads\/2024\/09\/ISOTIPO-0569-1024x967.png.webp\",\"width\":1024,\"height\":967,\"caption\":\"Platinum Insurance Agency\"},\"image\":{\"@id\":\"https:\/\/platinuminsurancea.com\/dev\/#\/schema\/logo\/image\/\"}}]}<\/script>\n<!-- \/ Yoast SEO plugin. -->","yoast_head_json":{"title":"Community Health Choice - Platinum Insurance Agency","robots":{"index":"noindex","follow":"follow","max-snippet":"max-snippet:-1","max-image-preview":"max-image-preview:large","max-video-preview":"max-video-preview:-1"},"og_locale":"en_US","og_type":"article","og_title":"Community Health Choice - Platinum Insurance Agency","og_description":"Red de Cobertura Community Health Choice es una organizaci\u00f3n sin fines de lucro dedicada a brindar servicios de seguros de salud accesibles y de alta calidad a individuos, familias y comunidades en el estado de Texas. Con un enfoque en la salud integral y el bienestar de las personas, Community Health Choice ofrece planes de [&hellip;]","og_url":"https:\/\/platinuminsurancea.com\/dev\/community-health-choice\/","og_site_name":"Platinum Insurance Agency","article_modified_time":"2024-11-13T16:53:17+00:00","og_image":[{"width":1042,"height":1042,"url":"https:\/\/platinuminsurancea.com\/dev\/wp-content\/uploads\/2024\/09\/LOGOS-10.webp","type":"image\/webp"}],"twitter_card":"summary_large_image","twitter_misc":{"Est. reading time":"1 minute"},"schema":{"@context":"https:\/\/schema.org","@graph":[{"@type":"WebPage","@id":"https:\/\/platinuminsurancea.com\/dev\/community-health-choice\/","url":"https:\/\/platinuminsurancea.com\/dev\/community-health-choice\/","name":"Community Health Choice - Platinum Insurance Agency","isPartOf":{"@id":"https:\/\/platinuminsurancea.com\/dev\/#website"},"primaryImageOfPage":{"@id":"https:\/\/platinuminsurancea.com\/dev\/community-health-choice\/#primaryimage"},"image":{"@id":"https:\/\/platinuminsurancea.com\/dev\/community-health-choice\/#primaryimage"},"thumbnailUrl":"https:\/\/platinuminsurancea.com\/dev\/wp-content\/uploads\/2024\/09\/LOGOS-10-300x300.webp","datePublished":"2024-11-13T16:30:30+00:00","dateModified":"2024-11-13T16:53:17+00:00","breadcrumb":{"@id":"https:\/\/platinuminsurancea.com\/dev\/community-health-choice\/#breadcrumb"},"inLanguage":"en-US","potentialAction":[{"@type":"ReadAction","target":["https:\/\/platinuminsurancea.com\/dev\/community-health-choice\/"]}]},{"@type":"ImageObject","inLanguage":"en-US","@id":"https:\/\/platinuminsurancea.com\/dev\/community-health-choice\/#primaryimage","url":"https:\/\/platinuminsurancea.com\/dev\/wp-content\/uploads\/2024\/09\/LOGOS-10.webp","contentUrl":"https:\/\/platinuminsurancea.com\/dev\/wp-content\/uploads\/2024\/09\/LOGOS-10.webp","width":1042,"height":1042,"caption":"Comunity health choice"},{"@type":"BreadcrumbList","@id":"https:\/\/platinuminsurancea.com\/dev\/community-health-choice\/#breadcrumb","itemListElement":[{"@type":"ListItem","position":1,"name":"Home","item":"https:\/\/platinuminsurancea.com\/dev\/"},{"@type":"ListItem","position":2,"name":"Community Health Choice"}]},{"@type":"WebSite","@id":"https:\/\/platinuminsurancea.com\/dev\/#website","url":"https:\/\/platinuminsurancea.com\/dev\/","name":"Platinum Insurance Agency","description":"","publisher":{"@id":"https:\/\/platinuminsurancea.com\/dev\/#organization"},"potentialAction":[{"@type":"SearchAction","target":{"@type":"EntryPoint","urlTemplate":"https:\/\/platinuminsurancea.com\/dev\/?s={search_term_string}"},"query-input":{"@type":"PropertyValueSpecification","valueRequired":true,"valueName":"search_term_string"}}],"inLanguage":"en-US"},{"@type":"Organization","@id":"https:\/\/platinuminsurancea.com\/dev\/#organization","name":"Platinum Insurance Agency","url":"https:\/\/platinuminsurancea.com\/dev\/","logo":{"@type":"ImageObject","inLanguage":"en-US","@id":"https:\/\/platinuminsurancea.com\/dev\/#\/schema\/logo\/image\/","url":"https:\/\/platinuminsurancea.com\/dev\/wp-content\/uploads\/2024\/09\/ISOTIPO-0569-1024x967.png.webp","contentUrl":"https:\/\/platinuminsurancea.com\/dev\/wp-content\/uploads\/2024\/09\/ISOTIPO-0569-1024x967.png.webp","width":1024,"height":967,"caption":"Platinum Insurance Agency"},"image":{"@id":"https:\/\/platinuminsurancea.com\/dev\/#\/schema\/logo\/image\/"}}]}},"_links":{"self":[{"href":"https:\/\/platinuminsurancea.com\/dev\/wp-json\/wp\/v2\/pages\/1929","targetHints":{"allow":["GET"]}}],"collection":[{"href":"https:\/\/platinuminsurancea.com\/dev\/wp-json\/wp\/v2\/pages"}],"about":[{"href":"https:\/\/platinuminsurancea.com\/dev\/wp-json\/wp\/v2\/types\/page"}],"author":[{"embeddable":true,"href":"https:\/\/platinuminsurancea.com\/dev\/wp-json\/wp\/v2\/users\/1"}],"replies":[{"embeddable":true,"href":"https:\/\/platinuminsurancea.com\/dev\/wp-json\/wp\/v2\/comments?post=1929"}],"version-history":[{"count":13,"href":"https:\/\/platinuminsurancea.com\/dev\/wp-json\/wp\/v2\/pages\/1929\/revisions"}],"predecessor-version":[{"id":1960,"href":"https:\/\/platinuminsurancea.com\/dev\/wp-json\/wp\/v2\/pages\/1929\/revisions\/1960"}],"wp:attachment":[{"href":"https:\/\/platinuminsurancea.com\/dev\/wp-json\/wp\/v2\/media?parent=1929"}],"curies":[{"name":"wp","href":"https:\/\/api.w.org\/{rel}","templated":true}]}}